 n(-4). Calculate the highest common factor of m and 481.
13
Let y(d) = d**3 - 5*d**2 - 10*d + 35. Let r be y(6). Suppose -220 = -16*j + r*j. Calculate the greatest common divisor of j and 308.
44
Suppose -329*h - 70 = -330*h. Calculate the greatest common divisor of h and 7805.
35
Suppose 575 = -5*y - 3*v + 144, 0 = 5*y + 2*v + 429. Let l = 97 + y. Let g be 6/(-5)*(-2 + -8). Calculate the highest common divisor of g and l.
12
Suppose -8*s + 3*s - 3*h = -31, 4 = 2*h. Let j be 8 + -4*(0 + 1). Suppose 0 = -s*x + 174 - j. Calculate the highest common factor of 17 and x.
17
Let j(n) = 46*n**2 + 47*n + 597. Let i be j(-9). Calculate the greatest common factor of 60 and i.
60
Let z = 180 - 168. Let a be (3 + 146)/(2 + -1 + 0). Suppose 2*i - 67 = a. Calculate the greatest common divisor of i and z.
12
Let a be 5 - 332/68 - (-8)/(-68). Suppose d - 4 = p + 10, 4*p + 4 = a. Calculate the greatest common factor of d and 143.
13
Suppose -205 - 740 = 7*m. Let h = m - -153. Let r = 13 - 1. Calculate the greatest common divisor of h and r.
6
Let y = 30 - -24. Suppose 0 = 5*x + x - y. Let f be 0 + -3 - (0 + -1)*x. What is the highest common factor of f and 66?
6
Suppose 2*y = -3*d + 56, 7*d = -5*y + 12*d + 190. What is the highest common divisor of y and 7140?
34
Let a(n) = 451*n + 26. Let s be a(1). What is the highest common divisor of s and 106?
53
Let g(l) = -146*l - 1250. Let a be g(-26). What is the highest common divisor of 114 and a?
38
Let z be (366/(-8))/(7 + (-2040)/288). What is the highest common factor of 12993 and z?
183
Suppose -582 = -35*q + 32*q. Let f = q - 68. Suppose 0*g - 3*g + 3*s = -54, -f = -5*g - 4*s. Calculate the highest common factor of 55 and g.
11
Suppose p + k + 3052 = 4*p, -4*p - k + 4060 = 0. Calculate the greatest common factor of 32 and p.
8
Suppose -193 + 23 = -5*s. Let d be ((-5830)/(-159))/(10/(-6) + 2). Let u = d + s. Calculate the highest common factor of 18 and u.
18
Let b = 24 - 44. Let a be b/5 - 160 - 1. Let u be 22/a - 842/(-15). What is the greatest common divisor of 14 and u?
14
Let z = 16 + 35. Suppose -389*s + 162163 = -107718 + 25200. What is the greatest common factor of s and z?
17
Let a be 56/26 - (-16)/(-104). Let g(r) = 135*r - 27. Let x be g(a). Calculate the highest common divisor of 27 and x.
27
Let q = -77 + 185. Let a = q - 43. Suppose -4*h + a = 2*g + g, -3*h + 51 = 3*g. What is the highest common divisor of 98 and h?
14
Let n(h) = -14 - 60*h + 0*h**2 - 41 + 5*h**2 + 3*h**2 + 54*h. Let u be n(-13). Calculate the greatest common factor of 11 and u.
11
Let q = -7 - -6. Let i be (0 + q + 2)*2. Let z be 46 + -39 - 1*-1. Calculate the greatest common factor of z and i.
2
Let f(p) = 7*p + 62. Let c = -470 - -465. Let q be f(c). Calculate the highest common factor of 12 and q.
3
Let y be 487 + -18 + 17 + 4 + -4. Calculate the greatest common divisor of y and 42.
6
Let v be (574/7 - -2)/(-2 + 4). Suppose v*b - 2016 = 24*b. What is the greatest common factor of b and 196?
28
Suppose -20 = 143*m - 147*m. Suppose 2*y = -m*y + 21. Calculate the greatest common factor of y and 51.
3
Let q be (-27)/(-6)*(-2 + 96/9). Let a be ((-6)/8)/(q/(-104)). Calculate the highest common factor of 36 and a.
2
Suppose -83*b + 851 + 724 + 915 = 0. What is the greatest common factor of 1830 and b?
30
Let y = 236 + -124. Suppose 0 = 6*u + u - y. Calculate the greatest common factor of 176 and u.
16
Let o = -167 + 244. Let u = -42 + o. Calculate the highest common divisor of u and 21.
7
Let q(x) = 68*x - 5524. Let w be q(104). Calculate the greatest common factor of w and 1462.
86
Suppose -s - 6*s = -28. Suppose l = -s*y - 2*l - 89, 2*y + 42 = -4*l. Let t = 255 + y. What is the highest common divisor of 29 and t?
29
Let u(c) = -c**2 - c + 11. Let q be u(-4). Let j = 10 + q. What is the greatest common divisor of 279 and j?
9
Let t(b) = b**3 - 43*b**2 + 39*b + 165. Let a be t(42). Calculate the greatest common factor of 2509 and a.
13
Let v be -6*2/(-16)*3760/47. Suppose 3*j - 85 - v = 5*x, 4*j - 174 = -3*x. What is the highest common factor of 1035 and j?
45
Let j(v) = 195*v**2 - v - 1. Let c be j(-1). Suppose 3*z - 70*y - 19 = -63*y, 2*y = 28. Calculate the highest common factor of c and z.
39
Let n = -4949 + 8420. What is the greatest common factor of n and 78?
39
Let c(u) = 70*u + 20 + 3 + u**3 - 2*u**3 - 48 + 13*u**2. Let v be c(17). What is the highest common divisor of v and 90?
9
Suppose -38*t = -35*t + 1260. Let a = -381 - t. Calculate the highest common factor of 208 and a.
13
Let p = -52 + 157. Let t(x) = -5*x + 220. Let z be t(9). What is the highest common divisor of p and z?
35
Let m(z) be the first derivative of 56*z + 4*z**2 - z**2 + 2*z**2 + 23 - 8*z**2. Let b be m(0). Calculate the greatest common divisor of 7 and b.
7
Suppose 15*k = 16*k - 1, 3*m - 1 = 5*k. Suppose 0 = -2*i + 2 + 4. Let o(n) = 3*n**2 - 2*n + 1. Let w be o(i). Calculate the highest common factor of m and w.
2
Let t be 30/(-14) - ((-100514)/203 - -29). Suppose 2*z - 23 = 35. What is the greatest common factor of z and t?
29
Suppose 4811638 - 831 + 7436473 = 464*l. Calculate the highest common factor of l and 5.
5
Let l = 629 - 213. Let b = 437 - l. Calculate the highest common divisor of 105 and b.
21
Let m be (-1270)/(-4)*16/40. Suppose 5*k - m - 218 = h, -2*k = h - 145. Let w be (6/(-4))/(9/(-84)). Calculate the greatest common factor of w and k.
14
Suppose 5*j - 50*y + 52*y - 20090 = 0, 0 = -4*j + 2*y + 16090. What is the greatest common factor of j and 120?
60
Let s(n) = 342*n + 253. Let f be s(6). What is the greatest common divisor of f and 10?
5
Let j(m) = -m**3 + 8*m**2 - 9. Let w be j(7). Let i = 170 - w. Suppose 4 - i = -3*u. Calculate the highest common factor of u and 21.
21
Let r = -1946 + 1978. Calculate the greatest common divisor of 10 and r.
2
Let f be (-6)/(-24) + -74*57/(-24). Let j = -6729 + 6809. What is the greatest common factor of f and j?
16
Suppose -8*j = -4 - 20. Suppose 2*d = 9 - j, -195 = -2*g - d. Calculate the highest common factor of g and 36.
12
Let v(h) = 7*h**2 + 6*h - 11. Let l be v(4). Let m = l + -109. Let w = 22 - m. Calculate the highest common divisor of w and 15.
3
Let l(d) = 14*d + 86. Let x be l(-6). Let q(g) = g**2 + 7*g + 2. Let b be q(-7). Suppose -b = -3*h + 7. Calculate the greatest common divisor of x and h.
1
Let c be (3 - 1)*(-7)/42*-9. Let j be 60/90 - (-10)/c. Calculate the greatest common divisor of j and 28.
4
Suppose 19*w - 17*w - 22 = 0. Let b = 2316 - 1843. Calculate the greatest common factor of b and w.
11
Suppose 73 = 4*a - o, 78*o = a + 76*o - 13. Let c(x) = 2*x**3 - 5*x**2 + x + 5. Let i be c(4). Calculate the highest common factor of a and i.
19
Let t be 2/(-1)*(12 + -2059). Calculate the highest common divisor of t and 138.
46
Suppose 0*v + 3*v - 33 = 0. Let u(f) = 415*f**3 - 2*f + 2. Let l be u(1). Suppose -5*y + l = -5*z, 5*z - 20 = z. What is the highest common divisor of y and v?
11
Suppose -31*w - 88*w = -1785. Calculate the greatest common factor of 3675 and w.
15
Let a(i) = -143*i - 3944. Let o be a(-28). Calculate the greatest common factor of 168 and o.
12
Let d(t) = 40*t + 1. Let n be d(4). Let g be 405/36 + -12 + 21/(-4). Let b be (-92*g/(-60))/((-16)/40). Calculate the greatest common divisor of b and n.
23
Suppose -2*g + 99 = -39. Let l = g + -85. Let v(c) = -c + 11. Let p be v(l). What is the greatest common factor of p and 216?
27
Let w be 5 - 12/(-6) - 4/1. Let r be (-1)/w - (-14364)/81. Calculate the highest common divisor of r and 59.
59
Let g = -56 - -99. Let d = g + -38. Suppose -5*q + 15 = d*o - 0*o, -2 = -4*o + q. Calculate the highest common divisor of o and 2.
1
Suppose -l + 3*v - 4 = -1818, -12 = 4*v. What is the greatest common factor of 380 and l?
95
Suppose -4*y = y - 25. Let b = 3 + y. Suppose 4*m = 2*m + 3*z + 17, -4*z = -4*m + 44. What is the highest common factor of b and m?
8
Let p be ((-10)/(720/(-486)))/(1/4). Suppose b - 3 = -2*b. Let a be (-2)/(2/(-3))*b. Calculate the highest common factor of p and a.
3
Let r be (140/22 + (-52)/143)*562. Calculate the highest common factor of 36 and r.
12
Let f(y) = 181*y**3 - 2*y**2 + 17*y - 17. Let h be f(2). Calculate the greatest common divisor of 31 and h.
31
Let o be (-3)/((-21)/2 + 6)*(-42)/(-4). Calc